ctors of 62963287.
62963287
What are the prime factors of 95825173?
95825173
List the prime factors of 3223165180.
2, 5, 161158259
List the prime factors of 813694107.
3, 31, 53, 165083
List the prime factors of 223070319.
3, 47, 527353
List the prime factors of 66992015.
5, 37, 9787
List the prime factors of 5926818617.
5926818617
List the prime factors of 2221811185.
5, 11, 40396567
List the prime factors of 72589567.
72589567
What are the prime factors of 117056103?
3, 421, 92681
List the prime factors of 696395348.
2, 11, 15827167
What are the prime factors of 69151535?
5, 587, 23561
What are the prime factors of 4343308825?
5, 37, 4695469
List the prime factors of 20114661.
3, 7, 29, 33029
What are the prime factors of 312165031?
312165031
List the prime factors of 580786139.
251, 2313889
List the prime factors of 73887097.
3067, 24091
List the prime factors of 1833635378.
2, 2297, 399137
What are the prime factors of 258533104?
2, 491, 32909
List the prime factors of 1161542828.
2, 1103, 263269
List the prime factors of 392682330.
2, 3, 5, 29, 73, 229
List the prime factors of 1880346271.
499, 857, 4397
List the prime factors of 28499331.
3, 7, 193873
What are the prime factors of 323985129?
3, 13, 29, 286459
List the prime factors of 5767982.
2, 11, 19, 13799
List the prime factors of 68632307.
761, 90187
List the prime factors of 178459612.
2, 373, 119611
What are the prime factors of 122021147?
4397, 27751
What are the prime factors of 71517290?
2, 5, 13, 367, 1499
List the prime factors of 1056732799.
499, 2117701
List the prime factors of 348572514.
2, 3, 58095419
List the prime factors of 143923574.
2, 193, 372859
List the prime factors of 662034481.
31, 2311, 9241
What are the prime factors of 68355674?
2, 17, 1283, 1567
What are the prime factors of 1517955718?
2, 71, 10689829
List the prime factors of 102568173.
3, 149, 229459
List the prime factors of 271836145.
5, 7, 1021, 7607
What are the prime factors of 4214017856?
2, 73, 901973
List the prime factors of 633293134.
2, 41, 47, 164321
What are the prime factors of 132410182?
2, 66205091
List the prime factors of 3575311377.
3, 11, 19, 347, 16433
What are the prime factors of 2625596681?
19, 1667, 4363
List the prime factors of 224845762.
2, 112422881
What are the prime factors of 29648754?
2, 3, 397, 461
List the prime factors of 3271135.
5, 7, 19, 4919
What are the prime factors of 933276328?
2, 31, 3763211
List the prime factors of 5200392210.
2, 3, 5, 13, 113, 197, 599
List the prime factors of 3049714582.
2, 227, 6717433
What are the prime factors of 114703135?
5, 22940627
List the prime factors of 145591553.
17, 503777
What are the prime factors of 1458445553?
12917, 112909
List the prime factors of 284408994.
2, 3, 2089, 22691
List the prime factors of 3153825595.
5, 630765119
List the prime factors of 946520322.
2, 3, 11, 17, 53, 1447
List the prime factors of 41202642.
2, 3, 13, 277, 1907
List the prime factors of 224282936.
2, 23, 337, 3617
What are the prime factors of 1108270853?
4969, 223037
What are the prime factors of 179312657?
179312657
What are the prime factors of 46709758?
2, 4463, 5233
What are the prime factors of 15713094?
2, 3, 23, 31, 3673
List the prime factors of 1515686.
2, 17, 44579
List the prime factors of 6041894155.
5, 11, 2687, 40883
What are the prime factors of 1092085829?
53, 388781
List the prime factors of 71056382.
2, 43, 571, 1447
What are the prime factors of 91866411?
3, 7, 13, 223, 503
What are the prime factors of 357266374?
2, 41, 157, 27751
What are the prime factors of 78978073?
17, 113, 41113
What are the prime factors of 136386133?
13, 10491241
List the prime factors of 747239891.
747239891
List the prime factors of 316688585.
5, 47, 1347611
List the prime factors of 7526781.
3, 71, 11779
What are the prime factors of 4870444625?
5, 1223, 31859
What are the prime factors of 873109185?
3, 5, 13, 19, 79, 157
What are the prime factors of 50468816?
2, 29, 108769
List the prime factors of 500783850.
2, 3, 5, 7, 197, 269
What are the prime factors of 98192614?
2, 13, 3776639
List the prime factors of 1065354231.
3, 355118077
What are the prime factors of 1987053093?
3, 101, 728659
List the prime factors of 49437774.
2, 3, 2746543
List the prime factors of 285537350.
2, 5, 7, 815821
List the prime factors of 877171931.
347, 1123, 2251
What are the prime factors of 1344304888?
2, 168038111
What are the prime factors of 104190358?
2, 52095179
What are the prime factors of 858733512?
2, 3, 7, 13, 17, 101, 229
What are the prime factors of 251174621?
521, 482101
List the prime factors of 167766402.
2, 3, 27961067
What are the prime factors of 600018271?
19, 31579909
List the prime factors of 6089473658.
2, 20593, 147853
List the prime factors of 1273446.
2, 3, 263, 269
What are the prime factors of 252941704?
2, 31617713
List the prime factors of 5167022.
2, 7, 149, 2477
What are the prime factors of 113308031?
83, 1093, 1249
What are the prime factors of 339566813?
53, 2207, 2903
What are the prime factors of 80905171?
3673, 22027
List the prime factors of 81337184.
2, 73, 34819
What are the prime factors of 2314498060?
2, 5, 7, 2423, 6823
What are the prime factors of 4339978219?
25471, 170389
List the prime factors of 13756532.
2, 19, 317, 571
List the prime factors of 99401485.
5, 19880297
What are the prime factors of 780052269?
3, 103, 499, 5059
List the prime factors of 1281364928.
2, 20021327
What are the prime factors of 150411096?
2, 3, 11, 189913
List the prime factors of 4996345419.
3, 13, 107, 399101
List the prime factors of 1912220989.
7, 23, 11877149
What are the prime factors of 34746163?
34746163
What are the prime factors of 702372495?
3, 5, 11, 4256803
List the prime factors of 832456084.
2, 73, 113, 25229
What are the prime factors of 322086452?
2, 137, 587749
What are the prime factors of 80425276?
2, 20106319
List the prime factors of 64357053.
3, 17, 47, 26849
List the prime factors of 2776400034.
2, 3, 41, 89, 211, 601
What are the prime factors of 1425126112?
2, 44535191
What are the prime factors of 766562751?
3, 59, 481207
List the prime factors of 1364162059.
13, 17, 29, 212851
List the prime factors of 105038379.
3, 43, 67, 4051
List the prime factors of 219937306.
2, 109968653
List the prime factors of 30099430.
2, 5, 997, 3019
List the prime factors of 2863684663.
7, 17, 29, 829813
What are the prime factors of 82203470?
2, 5, 47, 174901
List the prime factors of 110107450.
2, 5, 2202149
List the prime factors of 160496634.
2, 3, 47, 569137
What are the prime factors of 65853986?
2, 11, 2993363
List the prime factors of 310583218.
2, 11, 3461, 4079
List the prime factors of 2424055175.
5, 89, 1089463
List the prime factors of 129132323.
17, 7596019
List the prime factors of 8112203.
11, 67043
What are the prime factors of 150209455?
5, 11, 37, 223, 331
List the prime factors of 23229453.
3, 13, 595627
List the prime factors of 189740651.
73, 2599187
What are the prime factors of 92977588?
2, 11, 89, 23743
What are the prime factors of 7237530?
2, 3, 5, 29, 47, 59
What are the prime factors of 426250521?
3, 47361169
List the prime factors of 1166221686.
2, 3, 7, 2857, 9719
What are the prime factors of 625383040?
2, 5, 53, 103, 179
What are the prime factors of 1541658663?
3, 167, 113969
List the prime factors of 371565491.
11, 33778681
What are the prime factors of 334928628?
2, 3, 17, 182423
List the prime factors of 1148905462.
2, 574452731
What are the prime factors of 72683620?
2, 5, 47, 77323
What are the prime factors of 577149048?
2, 3, 7, 17, 9623
List the prime factors of 1304413382.
2, 652206691
What are the prime factors of 302357860?
2, 5, 7, 229, 9431
What are the prime factors of 1641742029?
3, 103, 1771027
What are the prime factors of 708108664?
2, 37, 313, 7643
What are the prime factors of 50551545?
3, 5, 11, 31, 9883
List the prime factors of 118438638.
2, 3, 23, 858251
List the prime factors of 40491559.
41, 987599
What are the prime factors of 968421274?
2, 484210637
List the prime factors of 370988924.
2, 92747231
List the prime factors of 31441093.
31441093
List the prime factors of 6046042709.
7, 101, 8551687
List the prime factors of 381805449.
3, 127268483
List the prime fa